e factors of n.
5
Let k(x) = x**3 - 20*x**2 - 2*x + 4. Let a be k(20). Let z = a + 38. Suppose z*p - 143 - 23 = 0. What are the prime factors of p?
83
Let s be (-2)/3 - 140/(-21). Let x(y) = 3 - s*y + 9*y**2 + y**3 + y + 0*y**3. What are the prime factors of x(-9)?
2, 3
Let w(c) = -c**2 + 15*c - 38. Let j be w(8). Suppose -11*a + j*a - 1855 = 0. What are the prime factors of a?
5, 53
Let u(h) = -18*h + 1. Let n(l) = l + 5. Let p be n(-12). List the prime factors of u(p).
127
Suppose -15001*k + 15016*k = 271605. What are the prime factors of k?
19, 953
Suppose 338338 = 35*t - 13*t. What are the prime factors of t?
7, 13
Let g(h) = 90*h - 37. Suppose -4*v = -3*y - 24, 5*y + 4 = 2*v + 6. List the prime factors of g(v).
773
Let w = 20724 - -4861. What are the prime factors of w?
5, 7, 17, 43
Suppose 6*p + 13797 = 3*p + 10*p. What are the prime factors of p?
3, 73
Let v(n) = n**3 - 5*n**2 + n + 15. Let w be v(4). Suppose w*p = -2*p - 15. List the prime factors of 238/1 + (p - -4).
239
Let c be (-108)/45*(-5)/2. Let j(g) = g**3 - 6*g**2 + 13*g - 24. List the prime factors of j(c).
2, 3
Let i(m) be the third derivative of -m**4/24 - m**3/2 - m**2 + 95*m. Let l be ((-8)/4)/((-2)/(-12)). What are the prime factors of i(l)?
3
Let k(y) = 350*y**2 - 237*y - 1577. What are the prime factors of k(-6)?
5, 19, 131
Suppose -15010 = -1746*c + 1744*c. What are the prime factors of c?
5, 19, 79
Let x(i) = 3*i**2 - 12*i + 76. Let p(k) = 2*k**2 - 7*k + 38. Let h(a) = 7*p(a) - 4*x(a). List the prime factors of h(7).
53
Suppose 5*h + 3*f + 10 = 0, -h - f = -2 + 4. Let u be (-7)/42*3 + (-577)/h. Suppose 18*m - u = 10*m. What are the prime factors of m?
2, 3
List the prime factors of 5/10 - (436425/(-46) - -1*5).
3, 29, 109
Let g = 106 - 117. What are the prime factors of -3*g/((-264)/(-5024))?
2, 157
Suppose 6*t = 2*t - 4*d, t + 12 = -4*d. Suppose -t*v + 20 = 20. List the prime factors of v/(-1) - 1 - 4432/(-16).
2, 3, 23
Suppose 132 = z + 146. Let a(k) = -k**3 - 12*k**2 + 15*k - 18. List the prime factors of a(z).
2, 41
Let j = -2710 - -6739. List the prime factors of j.
3, 17, 79
Let s be (-21 + 7 + -5)*(0 + -1). Suppose 10 = s*m - 14*m. Suppose 3*h - 5*l - 814 = 0, -m*l - 1090 = -0*h - 4*h. List the prime factors of h.
3, 7, 13
Suppose 5477 = 22*h - 177. Let l be (-2)/(-5) + (-3213)/(-5). Suppose 6*t = h + l. What are the prime factors of t?
2, 3, 5
Let w(d) = 2*d**2 - 46*d + 47. Let u be w(22). Suppose 0 = -u*n - s + 6*s + 2547, 0 = 5*s. What are the prime factors of n?
3, 283
Suppose 0 = 4*l + 5*s + 1673, 2973 - 923 = -5*l + 2*s. Let q be 2/3 - (l/(-6))/(-2). Let f = q - -33. What are the prime factors of f?
2, 17
Let u be 2/(-7) - 52950/(-105). Let x = -343 + u. What are the prime factors of x?
7, 23
What are the prime factors of (-880)/(-6)*-10*(-12)/25 - -2?
2, 353
Let y be ((-1)/(-3))/((-6)/(-54)). Suppose z + 612 = y*z. List the prime factors of z.
2, 3, 17
Let f(c) = 3*c + 14. Suppose 208 = -8*j - 88. Let t = j - -49. What are the prime factors of f(t)?
2, 5
Let w be 1/(-4) - 9/(-4). Let n(h) = 7*h**w - 12*h**2 + 4 + 7*h**2 + 10*h - 3*h**2. List the prime factors of n(6).
2, 7
What are the prime factors of 40957 + 6*10/240*-4?
2, 3, 3413
Suppose 0 = 2*b - 2*w + 2370 - 6618, 0 = -4*b - w + 8531. List the prime factors of b.
2131
What are the prime factors of -4 + ((-3039)/(-9))/((-12828)/(-3204) - 4)?
3, 7, 53
List the prime factors of 541/((-1278)/117 - -11).
13, 541
Let p(w) = -w**3 + 9*w**2 - 11*w + 16. Let o be p(7). Let s = o - 29. Suppose 0 = -s*k + 5*k + 309. List the prime factors of k.
103
List the prime factors of (49291*(-344)/2365)/(1 - 7/5).
2, 4481
Let l be (-559)/26*-2*2. Let m be (20/25)/(10/1675). Let c = m - l. List the prime factors of c.
2, 3
Let h(x) be the second derivative of 50*x**3/3 + x**2/2 - 6*x + 53. Suppose 0 = l + b + 3, 0*l + 13 = -3*l - 4*b. What are the prime factors of h(l)?
101
Let c be (-224)/36 - ((-24)/27)/4. List the prime factors of (c/(-15))/(1/1265).
2, 11, 23
Suppose -32*y = -57*y + 18*y + 236285. List the prime factors of y.
5, 43, 157
Let m = 58342 - 30753. What are the prime factors of m?
47, 587
Let m be (1 - (-3)/6)*(-40)/(-6). Suppose -5*o - 11*d = -m*d - 459, -5*o + 4*d = -439. List the prime factors of o.
7, 13
Let u(x) = -402*x + 132. Let k be u(-4). Let h = k + -934. List the prime factors of h.
2, 13, 31
Suppose -6*f = -3*f - 6, 2*j = -5*f + 4. Let c be -5*(52/20 + j). Suppose c*a - 2*k = -0*k + 282, -2*a + 270 = 2*k. List the prime factors of a.
2, 3, 23
Let i(y) be the first derivative of -39*y**4/4 + 2*y**3/3 - y**2 + 282. What are the prime factors of i(-2)?
2, 3
Suppose 6261*t + 194528 = 6277*t. What are the prime factors of t?
2, 6079
Suppose -54*s - 13778 = -n - 55*s, 0 = -n + 2*s + 13757. What are the prime factors of n?
47, 293
Let v = -16277 + 25080. List the prime factors of v.
8803
Let o = 57471 + -40152. List the prime factors of o.
3, 23, 251
Suppose -14*y + 19*y + 14*g - 39296 = 0, 2*y - 2*g = 15688. List the prime factors of y.
2, 3, 109
Let q(i) = 42*i**2 + 6*i - 2. Let g(u) = -2*u**3 - 5*u**2 + 4*u + 3. Let d be g(-4). Let b be (-7)/(d/2) - (-12)/5. What are the prime factors of q(b)?
2, 89
Suppose 0 = 4*g - 3*c - 8 - 9, 3*c + 11 = g. Suppose g*h = 10*h + 840. List the prime factors of h/(3/(-4) + -5 + 5).
2, 5, 7
Let u(a) = -a**2 - a - 4. Let l(z) = 2*z**2 + 3*z + 9. Let h(w) = 3*l(w) + 7*u(w). Let s be h(2). Let i(y) = -50*y - 3. What are the prime factors of i(s)?
47
Let c = 601 + -555. Let t(y) = -y**3 - 4*y**2 - 2*y - 6. Let a be t(-4). List the prime factors of a + 0/(-3) + c.
2, 3
Let g(d) = -39*d**3 - d**2 - 16*d - 4. Let s be g(-3). Let k = 1841 - s. What are the prime factors of k?
3, 251
Let p(w) = -5*w**3 - w**2 + 4*w - 24. Let u be p(5). Suppose -5*f + 5*z + 50 = 4*z, -5*f + 5*z = -70. List the prime factors of u/(-8) + f/(-12).
3
Let q = 14655 - -38771. What are the prime factors of q?
2, 26713
List the prime factors of ((-683570)/(-560) + (-18)/48)/(2/7).
4271
Let f(d) = -9885*d + 1170. List the prime factors of f(-4).
2, 3, 5, 23, 59
Suppose 0 = -38*u + 5116 - 252. What are the prime factors of u?
2
Let d = 4403 - 1156. Let g = -1592 + d. What are the prime factors of g?
5, 331
Let g(u) = 14*u**2 - u. Suppose 4*z - 4*o - 7 = 13, 4*o = 0. Suppose z*h + 4*x = 22, -2*h - 5*x + 19 = -0*x. What are the prime factors of g(h)?
2, 3
Let s(o) = 3*o**3 + 19*o**2 + 15*o + 23. What are the prime factors of s(11)?
2, 3, 5
Let c = 7406 - -12721. What are the prime factors of c?
3, 6709
Suppose 4*o - 2*n - 49 = 25, n = o - 21. Suppose -1010 = -o*f + 11*f. What are the prime factors of f?
2, 101
Suppose -5*p + 7*p - 225 = 3*u, -5*p - 2*u + 572 = 0. Let m = -243 + 413. Let b = m - p. What are the prime factors of b?
2, 7
Suppose -162*l + 153*l + 99 = 0. Suppose l*x - 17*x = -990. What are the prime factors of x?
3, 5, 11
What are the prime factors of (-146)/(-3723) - 2392145/(-255)?
3, 53, 59
Let m = 16062 - 9333. List the prime factors of m.
3, 2243
Let w(f) = -706*f**3 - 6*f**2 - 7*f + 1. Let y be w(-2). Suppose -h - 3*h = -s + y, -5*h = -5*s + 7030. List the prime factors of (-2)/9 - h/153.
3
Suppose 5*l - 15499 = -3*n, 2*n - 3*l - 2219 = 8139. What are the prime factors of n?
7, 739
Let v(r) = 2*r**2 - 66*r + 23478. List the prime factors of v(0).
2, 3, 7, 13, 43
Let i = -716 + 3656. Suppose -x = -8*x + i. What are the prime factors of x?
2, 3, 5, 7
Let t be 20/(-6)*((-108)/30)/3. Let n = 119 - t. List the prime factors of n.
5, 23
Let x be 2 - (-1 - 0)/((-13)/(-38441)). Suppose -5*f - 752 = -b - 3723, -4*b = -5*f + x. What are the prime factors of f?
5, 7, 17
Let j be -1*(2 + -5)*-1 + 6. List the prime factors of (950/5 + -7)*2/j.
2, 61
Suppose 10*i = 7*i. Suppose -8*v + 6*v + 8 = i. What are the prime factors of v/(-12) - 278/(-6)?
2, 23
Let q(u) = u**2 - 4. Let g be -2 + (0 + 1)/(4/16). Let o be q(g). Suppose o = -3*w - 20 + 50. What are the prime factors of w?
2, 5
Let l(y) = 675*y**2 + 8*y + 24. Let r be l(-3). Suppose 19*m = 4*m + r. What are the prime factors of m?
3, 5
Let s(m) = -5*m + 42. Let v be s(8). What are the prime factors of 1*(4/v)/(22/1397)?
127
Suppose -h + 4 = h - 5*m, -3*m = -5*h + 10. Suppose -5*t + 32 = h*y, t = -y + 4*t - 6. List the prime factors of (-